3?
1
What is the hundred thousands digit of 213559?
2
What is the tens digit of 2914280?
8
What is the ten thousands digit of 505197?
0
What is the thousands digit of 31952?
1
What is the tens digit of 398957?
5
What is the hundred thousands digit of 1835403?
8
What is the hundred thousands digit of 951177?
9
What is the tens digit of 11097482?
8
What is the ten thousands digit of 7725058?
2
What is the tens digit of 10178256?
5
What is the hundred thousands digit of 9316757?
3
What is the hundreds digit of 2007828?
8
What is the units digit of 6709459?
9
What is the thousands digit of 38468?
8
What is the units digit of 7977645?
5
What is the tens digit of 2013?
1
What is the thousands digit of 919982?
9
What is the thousands digit of 25825248?
5
What is the hundreds digit of 2956430?
4
What is the thousands digit of 12497892?
7
What is the hundreds digit of 33028228?
2
What is the hundreds digit of 1225063?
0
What is the units digit of 649859?
9
What is the tens digit of 28379?
7
What is the ten thousands digit of 107730?
0
What is the millions digit of 2050142?
2
What is the thousands digit of 3084083?
4
What is the hundred thousands digit of 747921?
7
What is the thousands digit of 50318?
0
What is the tens digit of 89442?
4
What is the units digit of 4978382?
2
What is the tens digit of 7613062?
6
What is the hundred thousands digit of 236613?
2
What is the hundred thousands digit of 257723?
2
What is the hundred thousands digit of 916479?
9
What is the units digit of 677597?
7
What is the ten thousands digit of 206465?
0
What is the hundred thousands digit of 157637?
1
What is the ten thousands digit of 145263?
4
What is the ten thousands digit of 186041?
8
What is the hundred thousands digit of 772160?
7
What is the ten thousands digit of 547675?
4
What is the units digit of 12426070?
0
What is the thousands digit of 52768?
2
What is the hundreds digit of 21210951?
9
What is the tens digit of 103646?
4
What is the ten thousands digit of 70060?
7
What is the hundreds digit of 6373716?
7
What is the hundreds digit of 1405658?
6
What is the ten thousands digit of 10731042?
3
What is the thousands digit of 1290129?
0
What is the ten thousands digit of 21142?
2
What is the units digit of 34877362?
2
What is the hundreds digit of 396553?
5
What is the ten thousands digit of 6969592?
6
What is the units digit of 9503127?
7
What is the units digit of 3179664?
4
What is the thousands digit of 25154407?
4
What is the hundreds digit of 2386536?
5
What is the hundreds digit of 8969388?
3
What is the thousands digit of 6218721?
8
What is the ten thousands digit of 7347443?
4
What is the thousands digit of 34073563?
3
What is the units digit of 5469698?
8
What is the tens digit of 6010182?
8
What is the ten thousands digit of 21095?
2
What is the hundreds digit of 2428079?
0
What is the millions digit of 7190185?
7
What is the units digit of 1279064?
4
What is the millions digit of 7649136?
7
What is the tens digit of 231151?
5
What is the hundred thousands digit of 1587265?
5
What is the tens digit of 94696?
9
What is the units digit of 4136?
6
What is the hundred thousands digit of 18749822?
7
What is the tens digit of 2577322?
2
What is the tens digit of 371890?
9
What is the ten millions digit of 29655050?
2
What is the ten thousands digit of 1695930?
9
What is the units digit of 1740198?
8
What is the thousands digit of 197163?
7
What is the thousands digit of 3810912?
0
What is the hundreds digit of 1629577?
5
What is the tens digit of 186846?
4
What is the thousands digit of 112889?
2
What is the units digit of 83042?
2
What is the thousands digit of 29717?
9
What is the hundred thousands digit of 8913886?
9
What is the hundred thousands digit of 153500?
1
What is the units digit of 363116?
6
What is the tens digit of 522658?
5
What is the ten thousands digit of 205007?
0
What is the units digit of 346225?
5
What is the thousands digit of 1238940?
8
What is the thousands digit of 49495?
9
What is the ten thousands digit of 38224?
3
What is the ten thousands digit of 9318905?
1
What is the tens digit of 227262?
6
What is the millions digit of 5079682?
5
What is the tens digit of 1341227?
2
What is the ten thousands digit of 139073?
3
What is the hundred thousands digit of 1795761?
7
What is the units digit of 1056996?
6
What is the thousands digit of 11324856?
4
What is the tens digit of 61512?
1
What is the hundred thousands digit of 475850?
4
What is the thousands digit of 90491?
0
What is the hundreds digit of 33968?
9
What is the hundreds digit of 3559100?
1
What is the thousands digit of 401208?
1
What is the hundred thousands digit of 223326?
2
What is the ten thousands digit of 7278100?
7
What is the units digit of 2580562?
2
What is the hundreds digit of 49862?
8
What is the tens digit of 959706?
0
What is the units digit of 8318?
8
What is the hundreds digit of 192119?
1
What is the ten thousands digit of 10239562?
3
What is the millions digit of 4240584?
4
What is the units digit of 282435?
5
What is the ten thousands digit of 4307991?
0
What is the millions digit of 9604861?
9
What is the tens digit of 411703?
0
What is the ten thousands digit of 87455?
8
What is the hundred thousands digit of 3116549?
1
What is the ten thousands digit of 363674?
6
What is the hundreds digit of 2133397?
3
What is the tens digit of 361290?
9
What is the tens digit of 364980?
8
What is the tens digit of 4095862?
6
What is the hundred thousands digit of 210301?
2
What is the hundreds digit of 449896?
8
What is the thousands digit of 11996322?
6
What is the tens digit of 13986?
8
What is the units digit of 493708?
8
What is the tens digit of 8190207?
0
What is the thousands digit of 184545?
4
What is the thousands digit of 39676?
9
What is the tens digit of 2925581?
8
What is the tens digit of 507026?
2
What is the millions digit of 24018305?
4
What is the units digit of 1225493?
3
What is the ten thousands digit of 10757357?
5
What is the thousands digit of 17650014?
0
What is the tens digit of 4622180?
8
What is the tens digit of 2811682?
8
What is the tens digit of 43115?
1
What is the units digit of 266682?
2
What is the hundreds digit of 5281291?
2
What is the ten thousands digit of 504642?
0
What is the ten thousands digit of 431338?
3
What is the hundreds digit of 8016703?
7
What is the thousands digit of 424654?
4
What is the units digit of 1801838?
8
What is the hundreds digit of 537143?
1
What is the ten thousands digit of 679990?
7
What is the tens digit of 8322?
2
What is the hundred thousands digit of 3520821?
5
What is the ten thousands digit of 2204267?
0
What is the ten millions digit of 19386341?
1
What is the millions digit of 6883375?
6
What is the tens digit of 161514?
1
What is the millions digit of 6785112?
6
What is the units digit of 56007?
7
What is the ten thousands digit of 516336?
1
What is the thousands digit of 3712378?
2
What is the thousands digit of 1225700?
5
What is the thousands digit of 3433267?
3
What is the tens digit of 848315?
1
What is the units digit of 7124891?
1
What is the hundred thousands digit of 3682361?
6
What is the hundreds digit of 43724?
7
What is the ten thousands digit of 49928?
4
What is the tens digit of 911141?
4
What is the hundreds digit of 371162?
1
What is the hundred thousands digit of 649535?
6
What is the hundreds digit of 306881?
8
What is the ten thousands digit of 4447695?
4
What is the ten thousands digit of 2200278?
0
What is the thousands digit of 345830?
5
What is the thousands digit of 2113409?
3
What is the tens digit of 1418670?
7
What is the ten thousands digit of 2942772?
4
What is the hundreds digit of 49831?
8
What is the ten thousands digit of 5057979?
5
What is the hundred thousands digit of 1467531?
4
What is the tens digit of 5587114?
1
What is the hundreds digit of 2131868?
8
What is the tens digit of 95009?
0
What is the ten millions digit of 32844087?
3
What is the ten thousands digit of 573139?
7
What is the ten thousands digit of 1961405?
6
What is the units digit of 1153206?
6
What is the thousands digit of 2409065?
9
What is the thousands digit of 171508?
1
What is the hundred thousands digit of 4167367?
1
What is the thousands digit of 362149?
2
What is the 